e 3, what is -10212010122 - -1011?
-10212002111
In base 15, what is -895d0e - -5?
-895d09
In base 15, what is 3b - 4a1?
-465
In base 3, what is -111021 - -10200?
-100121
In base 3, what is -1200112101100 + 1?
-1200112101022
In base 14, what is 1bb + -69b?
-4c0
In base 15, what is -31 - 165be?
-16600
In base 7, what is -445 + -34552?
-35330
In base 3, what is -12 - 12220112121?
-12220112210
In base 8, what is -4176 + -21?
-4217
In base 14, what is -15c + -14?
-172
In base 3, what is 1122211 + 1020?
1201001
In base 9, what is 1336 + -162?
1164
In base 10, what is 99760 - 0?
99760
In base 16, what is -1a + -1a9?
-1c3
In base 9, what is 3 + -16311?
-16307
In base 5, what is 10 - -31220302?
31220312
In base 11, what is 29 + -26?
3
In base 13, what is -283c2 - -2?
-283c0
In base 2, what is -1000011010011001 - 11110?
-1000011010110111
In base 4, what is 2030302 - 232?
2030010
In base 11, what is -2416 + 147?
-227a
In base 5, what is -1 + 10133014?
10133013
In base 2, what is 111 - 101011110101110010?
-101011110101101011
In base 4, what is -11113230 - -122?
-11113102
In base 12, what is -b1 - 3086?
-3177
In base 2, what is 111111111011001 + -1100000?
111111101111001
In base 16, what is 2 - -5b9?
5bb
In base 16, what is -5 - 1c006?
-1c00b
In base 9, what is 4 - -2506?
2511
In base 8, what is 6333 - -1?
6334
In base 4, what is -1303321 - -20?
-1303301
In base 8, what is -1603 + -4537?
-6342
In base 8, what is -22 + -1343?
-1365
In base 2, what is 100011011011101010110 + -10?
100011011011101010100
In base 4, what is 0 + -2000223133?
-2000223133
In base 14, what is 1 - -3440?
3441
In base 3, what is 21102201212 - -1012?
21102210001
In base 13, what is -934 + 9b?
-866
In base 10, what is -1137 + 2344?
1207
In base 8, what is 115 + 2214?
2331
In base 5, what is 1132202 + 33?
1132240
In base 10, what is 26 - 867?
-841
In base 9, what is -4201755 + 4?
-4201751
In base 13, what is 390 - 3128?
-2a68
In base 7, what is -221 - -3433?
3212
In base 12, what is -181 - -157?
-26
In base 10, what is -5 - -32908?
32903
In base 6, what is 1331130 - -3?
1331133
In base 9, what is 1206524 - -1?
1206525
In base 16, what is d + c83?
c90
In base 8, what is -757 - 2112?
-3071
In base 3, what is -112221111 - 10?
-112221121
In base 14, what is -1c + -3529?
-3547
In base 9, what is -62 - 16547?
-16620
In base 13, what is 2 - -611?
613
In base 10, what is -48446 - 2?
-48448
In base 5, what is -24 - -1330044?
1330020
In base 4, what is -22101 + -130213?
-212320
In base 7, what is -462 + 245?
-214
In base 9, what is 27 + -8333?
-8305
In base 2, what is 10010 - -10001111111101?
10010000001111
In base 3, what is -11 - -2020001111?
2020001100
In base 9, what is -13323 - 26?
-13350
In base 2, what is 10 + 1100110111011010?
1100110111011100
In base 3, what is -10 + 12221200201?
12221200121
In base 4, what is 22322210112 + -10?
22322210102
In base 7, what is -460243 - -3?
-460240
In base 7, what is -3241 + 10?
-3231
In base 5, what is 4 - 2130310?
-2130301
In base 8, what is -4 - -543003?
542777
In base 3, what is -11101000 - 202010?
-12010010
In base 4, what is 213 - 2313100?
-2312221
In base 16, what is 6ce - -31?
6ff
In base 11, what is -5 - 384?
-389
In base 9, what is 20 + -363404?
-363374
In base 6, what is 10342 - -12333?
23115
In base 12, what is -88808 - -2?
-88806
In base 14, what is 8250 - 3?
824b
In base 14, what is 1 + 80589?
8058a
In base 5, what is -10 - 113012020?
-113012030
In base 6, what is -23 - -25350?
25323
In base 12, what is 2 - -23187?
23189
In base 10, what is -393 + 14727?
14334
In base 3, what is 12200222 - 1?
12200221
In base 16, what is -4 - 363e0?
-363e4
In base 14, what is -3a7 + d?
-398
In base 9, what is -333082 - 4?
-333086
In base 7, what is 323 - 423?
-100
In base 6, what is 5 - -121034?
121043
In base 4, what is -212333 - -22313?
-130020
In base 13, what is -19 + 77?
5b
In base 11, what is -1a4 - 104a?
-1243
In base 11, what is 28 + -a44?
-a17
In base 15, what is 19 - -1db57?
1db71
In base 6, what is 453031 - 5?
453022
In base 7, what is -200346 - 6?
-200355
In base 2, what is 11 - 100011111110?
-100011111011
In base 3, what is -112201102122 + 10?
-112201102112
In base 7, what is 16464 - 1634?
14530
In base 7, what is 633 - -6014?
6650
In base 10, what is -2199 - 1334?
-3533
In base 11, what is 5109 - 39?
5080
In base 10, what is -778237 - 8?
-778245
In base 6, what is -5204 + 104?
-5100
In base 8, what is 450017 - 1?
450016
In base 8, what is -4 - 311641?
-311645
In base 6, what is 1 - 2205153?
-2205152
In base 12, what is 3260 - -14?
3274
In base 2, what is 11 - -11010011000000?
11010011000011
In base 15, what is d4 - 101a?
-e36
In base 5, what is 233 + -24221?
-23433
In base 16, what is 202 - 16?
1ec
In base 2, what is -110101 - 100101101110?
-100110100011
In base 14, what is 16 + -40a9b?
-40a85
In base 16, what is 2b + -455?
-42a
In base 15, what is -4 - -95699?
95695
In base 3, what is 21222221122 + 1?
21222221200
In base 3, what is 1002000 + -121?
1001102
In base 8, what is 64 + 472?
556
In base 8, what is 23 - 605?
-562
In base 9, what is -878 + -262?
-1251
In base 12, what is -386 + -1324?
-16aa
In base 13, what is 12293b + -1?
12293a
In base 12, what is 38 - 20?
18
In base 8, what is -15331 - 150?
-15501
In base 7, what is -4 + 3002401?
3002364
In base 4, what is -121202 - -23300?
-31302
In base 16, what is -e - -427?
419
In base 11, what is -a02 - -430?
-582
In base 8, what is 732 - 617?
113
In base 7, what is -512601 + -11?
-512612
In base 4, what is -1 + -200313122?
-200313123
In base 5, what is -22441142 - 4?
-22441201
In base 11, what is 2368 + -3?
2365
In base 4, what is -233133 + -132?
-233331
In base 8, what is 2 - -50645?
50647
In base 14, what is -4 + 1a1d3?
1a1cd
In base 10, what is 3294 + -21?
3273
In base 5, what is 12 + 1334314?
1334331
In base 13, what is -258 + -5b?
-2b6
In base 14, what is 580b - -8b?
5898
In base 9, what is 40 + 6144?
6184
In base 15, what is 34 - -70b?
740
In base 12, what is 300b - -10?
301b
In base 13, what is -1 - 5c56?
-5c57
In base 3, what is -101021 - -1010200012?
1010021221
In base 10, what is 58 - -39?
97
In base 3, what is 12 - -11202202020?
11202202102
In base 12, what is a814 - -84?
a898
In base 2, what is 1 + -110011001111011?
-110011001111010
In base 12, what is -74 - 379?
-431
In base 12, what is -50 - 1059?
-10a9
In base 7, what is 4 - -24012?
24016
In base 9, what is 1051048 + -3?
1051045
In base 3, what is 121 + -1021001202?
-1021001011
In base 8, what is -11063 - 4?
-11067
In base 8, what is 1 + 343771?
343772
In base 5, what is 24 + 11204221?
11204300
In base 2, what is -1010000000010000101 - 11?
-1010000000010001000
In base 2, what is 10100111111111010111110 + -100?
10100111111111010111010
In base 10, what is -7694 + 12?
-7682
In base 9, what is -706746 + -1?
-706747
In base 14, what is -13 + -15?
-28
In base 10, what is -103 + 151?
48
In base 13, what is 884c - -2?
8851
In base 8, what is 17 + 54147?
54166
In base 10, what is 547 + 6616?
7163
In base 3, what is 222 + -22112002012?
-22112001020
In base 11, what is 110434 - -1?
110435
In base 12, what is -39740 + -5?
-39745
In base 6, what is 3 + -500324?
-500321
In base 5, what is 2201403 + -12?
2201341
In base 6, what is 321 + 155010?
155331
In base 3, what is 10121201 - 102101?
10012100
In base 6, what is 4 + -4334?
-4330
In base 15, what is -3307 + b?
-32eb
In base 4, what is -1002 - 200130?
-201132
In base 5, what is 2412101 + 24?
2412130
In base 14, what is 2c + 15453?
15481
In base 6, what is -24 + 31445?
31421
In base 11, what is 37 + -14229?
-141a2
In base 5, what is 20 + -141444?
-141424
In base 12, what is -676ab - 3?
-676b2
In base 3, what is 1 + -112121221101?
-112121221100
In base 14, what is -5 - 4c3?
-4c8
In base 12, what is -7 + 382260?
382255
In base 14, what is 6 - -26b?
273
In base 6, what is 5 + -211020?
-211011
In base 14, what is -5b + c9?
6c
In base 16, what is -11e5 + 187?
-105e
In base 3, what is -1201 + 101022020?
101020112
In base 12, what is -74a5 - 10?
-74b5
In base 10, what is 14 - 340?
-326
In base 6, what is -5 - 513114?
-513123
In base 2, what is 0 + 100101010011?
100101010011
In base 10, what is 76 - 860?
-784
In base 16, what is ee + -ad?
41
In base 8, what is 2 - 437110?
-437106
In base 4, what i